 What are the prime factors of h?
3, 7
Let s(p) be the second derivative of -11*p**3/6 - 2*p**2 + 7*p. Let g be s(-5). Suppose y + g = 3*b - 36, 162 = 5*b + 4*y. List the prime factors of b.
2, 3, 5
Let t = -358 - -1797. List the prime factors of t.
1439
Suppose -5*i = 4*l + 26, 4*l = 5*i + 2*l + 2. List the prime factors of (6/(-3))/i + 106.
107
Let b(z) = z**3 - 13*z**2 - 30*z + 17. Let r be b(15). Let g = 18 + r. List the prime factors of g.
5, 7
Suppose -12*t = -9*t + 3, -5*t + 413 = 2*d. What are the prime factors of d?
11, 19
Suppose -7*z = -13912 + 1816. What are the prime factors of z?
2, 3
Let p = -4358 + 7438. What are the prime factors of p?
2, 5, 7, 11
Let d(v) = -2*v**3 + 5*v. Let u be d(3). Let l = -22 - u. List the prime factors of l.
17
Let y(d) = d - 5. Let w be y(6). Suppose 2*x = -29 - w. What are the prime factors of (20/x)/(1/(-15))?
2, 5
Suppose 3*z = -234 + 1146. What are the prime factors of z?
2, 19
Let m = -62 + 64. Suppose -4*n - 2*y + 314 = 0, 0 = m*n - 10*y + 5*y - 151. What are the prime factors of n?
2, 3, 13
Suppose -5*f + 6814 - 632 = -2*t, 3*t + 3702 = 3*f. What are the prime factors of f?
2, 619
Suppose -5*d - 72 = -9*d. Suppose 0 = 3*t - 183 - d. What are the prime factors of t?
67
Suppose -5*t - 27 = -47. Suppose 30 = -s - 6*r + t*r, 0 = 5*s - r + 161. List the prime factors of s/(-3)*15/5.
2
Suppose 11347 = 5*t + 1767. List the prime factors of t.
2, 479
Let r(i) = i**2 - 8*i + 3. Let y be r(6). Let q be -3 + y/6*-4. Suppose -11 = -q*f + 16. What are the prime factors of f?
3
Suppose -3*h = 5*r + 33, 28 = -0*r - 5*r + 2*h. What are the prime factors of (81/r + -3)*-2?
3, 11
Let h(p) = 77*p**2 - 8*p - 7. Let f be h(-3). Let b = f + -383. What are the prime factors of b?
3, 109
Suppose -5*q = -3*v - 451, -4*q - 4*v + 6*v = -360. List the prime factors of q.
89
Suppose -9*x + 17*x - 13464 = 0. List the prime factors of x.
3, 11, 17
What are the prime factors of 5408/4 - (5 - 0 - 2)?
19, 71
Suppose 3*v + 64 = f, -4*f - 5*v + 73 = -2*f. Suppose f*z = 44*z + 1160. What are the prime factors of z?
2, 29
Let p = -81 + 92. Suppose p*j - 16*j = -320. What are the prime factors of j?
2
Suppose 1339 + 1517 = 2*x. What are the prime factors of x?
2, 3, 7, 17
Suppose -3*u - 8*u + 880 = 0. What are the prime factors of u?
2, 5
Suppose -2*f + 2223 - 6815 = -2*u, -4*u + 2*f + 9194 = 0. What are the prime factors of u?
3, 13, 59
Let a = -5 - -17. Let p(i) = 2*i**2 - 3*i + 1. Let u be p(2). Suppose -n = -u*n + a. List the prime factors of n.
2, 3
Suppose -4*v + 3*m = 5*m - 1396, 0 = 3*v - 3*m - 1038. List the prime factors of v.
2, 3, 29
Let p(w) = 36*w + 114. List the prime factors of p(9).
2, 3, 73
Let b be (-2 - 191/7) + 10/35. Let g = -24 - b. What are the prime factors of g?
5
Suppose 0 = 2*m + 125 + 19. Let o = m - -145. List the prime factors of o.
73
Let m(h) = -37*h - 169. What are the prime factors of m(-24)?
719
Let i(c) = -1832*c**3 - 2*c**2 - 7*c - 4. List the prime factors of i(-1).
3, 13, 47
Suppose -17*w + 12*w = -2395. List the prime factors of w.
479
Let n be (6/(-4))/((-6)/(-40)). Let y be (n/8)/((-4)/16). What are the prime factors of ((-4)/(-2))/2*y?
5
Suppose -j - 4*j - 10 = 5*u, 5*j - 2 = u. Suppose 3*v - 9*v + 1596 = j. What are the prime factors of v?
2, 7, 19
Let i = -8 + -8. Let h = i + 30. Suppose 16 = c - h. List the prime factors of c.
2, 3, 5
What are the prime factors of (-18210)/(-45) + 6/(-9)?
2, 101
Suppose 5*z = 4*d + 44 + 61, -4*z = d - 63. Suppose b + z + 19 = 0. Let h = -11 - b. List the prime factors of h.
5
Suppose 270*n - 262*n = 2136. What are the prime factors of n?
3, 89
Let q(i) = 125*i**2 - 5*i + 19. What are the prime factors of q(3)?
1129
Let l(p) = -36*p**3 - p**2 - 2*p - 4. What are the prime factors of l(-2)?
2, 71
Let v(f) = -f**3 + 23*f**2 - 19*f + 12. What are the prime factors of v(22)?
2, 3, 13
Suppose 0 = 6*s - 897 + 237. Suppose 0 = -5*h + 575 - s. List the prime factors of h.
3, 31
Let k(o) = 2*o + 25. Let f be k(-17). Let g = 66 + f. What are the prime factors of g?
3, 19
Let c(k) = k**3 + 9*k**2 - 13*k - 2. Let a be c(-10). Suppose -5*g = -a - 27. What are the prime factors of g?
11
Let c(n) = -4*n**3 - 6*n + 7*n**2 + 2 - 3 + 3*n**3 + n. Let l be c(6). Suppose -102 = -2*x - 2*q, -x + l*q = -20 - 49. What are the prime factors of x?
2, 3
Let u = -27 - -39. Let p be 25 - (-1)/(3/u). Let d = 72 - p. What are the prime factors of d?
43
Suppose -2435 = -8*m + 1221. List the prime factors of m.
457
Suppose -4*g - g - 5 = 0. List the prime factors of (0 - g) + 22 - -3.
2, 13
List the prime factors of 520/9 - ((-40)/(-36))/(-5).
2, 29
Suppose -102 = -j - 6. Let h = 124 - 73. Let q = j - h. What are the prime factors of q?
3, 5
Let y = -12 - -16. Let v be (-674)/(-8) - y/16. Suppose -4*t - 6*u = -u - 81, 3*t - v = 4*u. What are the prime factors of t?
2, 3
Suppose -2 + 6 = x. Let y(r) = -r - 12. Let q be y(-18). Suppose 0 = -x*z + 26 + q. List the prime factors of z.
2
Let u(g) = 278*g + 2. What are the prime factors of u(3)?
2, 11, 19
Suppose 0 = 4*p - p. Let d be 18/15*(-5 + p). What are the prime factors of (102/(-2))/(9/d)?
2, 17
List the prime factors of (-30846 + -6)/(-12) + -2.
7, 367
List the prime factors of 4/(-34) + 11956/476.
5
Suppose -3*w + 3708 = 4*h, 3*w - 928 = -h + 2*w. Suppose 11*g + 0*g = h. What are the prime factors of g?
2, 3, 7
Let z be (-1 + 2)*-1*2. List the prime factors of ((-8)/20)/(z/270).
2, 3
Let x = 41 - 38. Suppose -2*w - 102 = -o + x*w, -4*o + 3*w = -374. List the prime factors of o.
2, 23
Let d(y) = 3*y**3 - 14*y**2 + 13*y + 2. What are the prime factors of d(5)?
2, 23
Suppose -m - 3 = -35. Suppose 2*a - u + 37 = 0, -3*a + a - 4*u - m = 0. Let x = a + 32. List the prime factors of x.
2, 7
Let h be 60/(-50)*215/(-2). Let r = 57 - h. Let x = r + 119. List the prime factors of x.
47
Let b = 3 + -1. Let r be 2 + (2/1 - b). Let n(p) = 12*p - 3. What are the prime factors of n(r)?
3, 7
Let b = 111 + -39. Let j = b + 1. What are the prime factors of j?
73
Let k(u) = u - 4. Let d be k(-3). Let g = -6 - d. What are the prime factors of (g - (-3 - -2)) + 32?
2, 17
Let g = 220 + 10. Suppose 5*l - g - 175 = 0. What are the prime factors of l?
3
List the prime factors of 441 + -1 + (2 - 0).
2, 13, 17
Let s(o) = 6*o - 74. What are the prime factors of s(19)?
2, 5
Suppose -3*q = 2*t - 778, -9 = 3*q - 3. What are the prime factors of t?
2, 7
List the prime factors of (-225)/(-6)*(-5980)/(-78).
5, 23
Let u = 45 + -68. Let i = 60 + u. List the prime factors of i.
37
Suppose 22*u = 19*u + 5*p + 5935, -4*p - 3954 = -2*u. List the prime factors of u.
5, 397
Suppose -41 = -9*m + 4. Suppose -1155 - 365 = -m*j. List the prime factors of j.
2, 19
Suppose 0 = 3*s + 15, 2 + 23 = 5*j + s. List the prime factors of (-2)/j + (-196)/(-12).
2
Let d = 17 + -15. Suppose -5*z + 288 = -3*w, -3*z + 188 = d*w - 0*w. What are the prime factors of z?
2, 3, 5
Let b(c) = -52*c - 61. List the prime factors of b(-15).
719
Let j(x) = x**2 - 5*x + 8. Let t(b) = -b**3 + 7. Let f be t(0). Let o be j(f). Suppose 47 = 23*y - o*y. What are the prime factors of y?
47
Suppose -g - 5 = -115. What are the prime factors of g?
2, 5, 11
Let b(a) = a**2 - 4*a - 11. Let q be b(5). Let u(s) = -5*s + 40. What are the prime factors of u(q)?
2, 5, 7
Let r(l) = -l**3 - 7*l**2 + 5*l + 2. Let z be r(-7). Let o = z + 93. What are the prime factors of o?
2, 3, 5
Let k be 2 + -1 - 13*1. Let t(g) = g**3 + 11*g**2 - 15*g - 18. Let o be t(k). Let w = -10 + o. What are the prime factors of w?
2
Suppose -1088 = 17*h - 34*h. What are the prime factors of h?
2
Suppose -y + 2230 = -5*x, 2*x - 58 = -66. What are the prime factors of y?
2, 5, 13, 17
Suppose 0 = 7*d - 1083 - 3054. Suppose -5*y = 196 - d. List the prime factors of y.
79
Let i = 14 - 103. Let q = 167 + i. What are the prime factors of q?
2, 3, 13
List the prime factors of (-3 - -2)*-465*(-5)/(-5).
3, 5, 31
Let y(p) = -2*p**3 + 6*p**2 - 14*p + 15. Let d be y(2). Suppose 4*z + 43 + 45 = 2*b, -5*z = 3*b - 132. Let k = d + b. What are the prime factors of k?
3, 13
Let r = 63 + -64. What are the prime factors of r/(2*4/(-176))?
2, 11
Let o be 2 - (24 - 1) - -1. Let y be (16/1)/(2*(-7)/42). Let j = o - y. List the prime factors of j.
2, 7
Let x(q) = 5 -